 are the prime factors of d?
2, 7, 11
Suppose 58950 = 33*p + 18789. What are the prime factors of p?
1217
Suppose 5*s - 2*s = 0. Let z be 16/4*(1 - s). Suppose -5*q + z*l + 150 = -54, q - 2*l = 42. List the prime factors of q.
2, 5
Suppose 59*k - 2760 = 54*k. List the prime factors of k.
2, 3, 23
Let f = 36 + -30. Suppose 0 = -4*k - 20, 2*m + k = f*k + 203. What are the prime factors of m?
89
Let q be (0 + 1)*(-1 - -3). Suppose q*r - r = -28. Let u = r + 48. What are the prime factors of u?
2, 5
Let u be (15/12)/(-5) - 1095/(-12). List the prime factors of u/1 + (-5 - 0) + 8.
2, 47
Let w(g) = -g**3 + g**2 + 4*g + 762. What are the prime factors of w(0)?
2, 3, 127
Let a(p) = -3 - 6 - 38*p + 32*p. List the prime factors of a(-11).
3, 19
Suppose 2*u + 151 = -5*g - 2*u, -4 = u. Let o = g + 30. Suppose -o*m = -4*l + 185, 3*m = 3*l + m - 140. List the prime factors of l.
2, 5
Let v(l) = -206*l + 37. What are the prime factors of v(-2)?
449
List the prime factors of (6504/(-40))/((-33)/10 + 3).
2, 271
Suppose 10 = 5*c + 5*k, 2*k + 0*k = 4*c - 20. Suppose 0 = -z + c - 3. Suppose 0*h + h = 3*d + 2, -h + 4*d - z = 0. What are the prime factors of h?
11
Let n(k) = 63*k + 126. List the prime factors of n(19).
3, 7
Suppose -930 = 10*b - 5650. List the prime factors of b.
2, 59
Suppose 0 = 3*z, 5*z = -4*l - 25 - 11. Let t be 0*3/l + 0. Suppose t = -5*f + 7*f - 28. List the prime factors of f.
2, 7
Let j(h) = 79*h**2 + 73*h - 12. List the prime factors of j(8).
2, 3, 7, 67
Let g(y) = -22 + 53 - 15 - 15 + 16*y. Suppose 0 = 5*l - 2*h + h - 14, -3*l - 2 = 2*h. List the prime factors of g(l).
3, 11
Suppose 0 = 5*h - h - 8. Suppose -h*t = -4*t + 190. List the prime factors of t.
5, 19
Suppose 0 = -4*f + 37*f - 29502. List the prime factors of f.
2, 3, 149
Suppose -h = -2*h. Suppose r + h*r = 4. Suppose -r*i = -102 - 70. What are the prime factors of i?
43
Suppose m + 3*z - 102 - 268 = 0, -4*m = 2*z - 1490. What are the prime factors of m?
373
Suppose 2*o - 6*h = -3*h + 3415, 0 = o + h - 1715. List the prime factors of o.
2, 107
Suppose 17 = 4*a + 5. Suppose 0 = h + g + 6, 0 = -h + g + a*g - 1. Let l(n) = n**3 + 8*n**2 + 7*n + 7. List the prime factors of l(h).
47
Let q be 0*((-6)/(-4) + -1). Suppose -n + 2*r = -20, q = n + 5*r + 13 + 2. Suppose -2*h = -30 - n. What are the prime factors of h?
2, 5
Let f be 3/5 - 0 - (-2456)/40. Suppose 4*c - 58 = 5*o, -5*c = 3*o - 4*o - f. What are the prime factors of c?
2, 3
Suppose o = -2*i + 1803, 5*i + 5*o - 8*o = 4513. List the prime factors of i.
2, 11, 41
Suppose 12 = 3*t - 0, -t - 36 = -5*s. Suppose -5*z = -3*z - s. Suppose -2*x = 5*c - 128, -c - 5*x = -2*c + z. List the prime factors of c.
2, 3
Let r be -1*(1 + -7)/(6/3). Suppose a - 24 = 5*u, 3*a + 5 - 29 = 3*u. Suppose 103 = r*q + a*d, 0 = -3*q + q - 5*d + 57. List the prime factors of q.
41
List the prime factors of (-2)/11 + (-184639)/(-143).
1291
Suppose -2*w + 5*i + 268 = -w, -501 = -2*w + 3*i. Suppose -7*g + 303 = -w. List the prime factors of g.
2, 3, 13
Suppose -2*a + 4 = -a. Suppose 3*q - 82 = -4*x, a*x = x - q + 59. Suppose x - 4 = o. What are the prime factors of o?
3, 5
Let n be (-1340)/(-6) - (-4 - 40/(-12)). Suppose -n - 208 = -12*p. What are the prime factors of p?
2, 3
Let l = -47 - -160. List the prime factors of l.
113
Let d(j) be the first derivative of -2*j**3/3 + j**2 + j - 3. Let x be d(2). What are the prime factors of -2 + -3 + (x - -25)?
17
Suppose 0*h + 20 = 4*h. Suppose h*q = -2*o + 38, -3*o + 70 - 2 = 2*q. What are the prime factors of o?
2, 3
Let u = 31 - -1047. What are the prime factors of u?
2, 7, 11
Let q(i) = -i**3 + 5*i**2 + 3*i + 10. Let k be q(6). List the prime factors of (-6)/k - (0 + (-735)/12).
2, 31
Suppose 0 = -12*h + 11*h + 271. List the prime factors of h.
271
Let o be 0/((10 + 0)/5). Let j = o - -3. List the prime factors of 74 + 2 + (-18)/j.
2, 5, 7
Let t = 12 + -12. Let g = 2 - t. What are the prime factors of g?
2
Let x = 10 + 13. Let a = x + -1. Let m = 31 - a. What are the prime factors of m?
3
Let u(h) = -h - 2. Let l(p) = 35*p + 1. Let k(y) = -l(y) - 4*u(y). What are the prime factors of k(-3)?
2, 5
What are the prime factors of (-42)/56*(-1452)/9?
11
Suppose -80 + 45 = f. Let k = 55 + f. What are the prime factors of k?
2, 5
Let c(y) be the first derivative of -y**4/4 - 7*y**3/3 + 4*y**2 + 6*y - 11. Let m be 51/(-6) + 1/2. What are the prime factors of c(m)?
2, 3
Let m(b) = -6*b**3 - 2*b**2 - 2*b + 1. Let y(k) = -8*k - 1. Let g be y(-1). Suppose 5*x = g*x + 4. What are the prime factors of m(x)?
3, 5
Let t be 2 + 10/(-8) + (-6)/8. Suppose t = 8*b - 7*b - 94. What are the prime factors of b?
2, 47
Let t(i) = -6*i**3 - 3*i**2 + 7*i. Let g be t(-5). Suppose 0 = 4*r - 4*z - g, -3*r - r - 3*z = -661. List the prime factors of r.
163
Let s(p) = 545*p + 8. What are the prime factors of s(1)?
7, 79
Let t = -283 - -523. Suppose 2*s = -2*s + t. List the prime factors of (6/4)/(5/s).
2, 3
What are the prime factors of 3/((-9)/(-2994))*(-3)/(-6)?
499
Let d(l) = l**2 - 6*l - 2. Let a be d(6). Let w be 4 - 126 - (a + 1). List the prime factors of 22/w - 48/(-22).
2
Suppose -22*j + 2318 = -3*j. Suppose -2*p + 46 = -j. List the prime factors of p.
2, 3, 7
Let j(i) = i**3 - 10*i**2 - 2*i + 22. Let l be j(10). Suppose 4*y = -2*t + 312, -y - l*y = 5*t - 234. What are the prime factors of y?
2, 3, 13
Let o be 14/(-2)*(7 + -4). Let m = 1 - o. Suppose -m = -3*k - 1. What are the prime factors of k?
7
Suppose 7*f = 119 + 6048. What are the prime factors of f?
881
Let t(r) = -r**3 - 21*r**2 + 25*r + 23. Let q be t(-22). List the prime factors of (-4)/(-2) - q - (-1)/1.
2, 23
Let i be 3/(-15) - (-208)/40. Suppose -s - 33 = -4*a + 274, s - i = 0. What are the prime factors of a?
2, 3, 13
Let m(q) = -q**3 + q**2. Let r(k) = 2*k**3 - 6*k**2 - k - 2. Let p(a) = -3*m(a) - r(a). Let s be p(-2). Suppose -3*g - 25 = -s*g. List the prime factors of g.
5
Let b(p) = 7*p**2 - 6*p + 30. What are the prime factors of b(-19)?
2671
Let n(w) = w**3 - 7*w**2 + 8*w. Suppose 5*t + m = 37, 3*t - 2*m - 14 - 3 = 0. Let u = 13 - t. What are the prime factors of n(u)?
2, 3
Let h(v) = -v**3 + 39*v**2 - 71*v + 49. What are the prime factors of h(35)?
2, 7, 11
Suppose 4*i - 30 - 10 = -4*t, -2*t = -2*i + 4. Suppose i*d = -75 + 837. List the prime factors of d.
127
Let h = -633 + 1351. What are the prime factors of h?
2, 359
Suppose 105923 = 55*b - 58967. What are the prime factors of b?
2, 1499
Let t(y) = y**3 - 26*y**2 + 55*y + 82. What are the prime factors of t(29)?
2, 3, 5, 7
Suppose -13*p - 1629 = -7440. List the prime factors of p.
3, 149
Let x(a) = 0*a + 12 - 4 + 9 + 10*a**2 - a**3 - 4*a. What are the prime factors of x(8)?
113
Let x be (3 + (-68)/20)*-25. Let v = -15 + x. What are the prime factors of 4/2 + (v - -34)?
31
Suppose -5 = -2*q + 6*r - r, -33 = -3*q - r. Let i be (-9 + q)/(2/(-330)). What are the prime factors of i/11*(-26)/6?
5, 13
Suppose 7*i - 12 - 9 = 0. Suppose 5*a + i*y - 1202 = 7*y, -705 = -3*a - 3*y. What are the prime factors of a?
2, 7, 17
Suppose 2*v = v. Suppose -2*o - 126 = 5*r, v = r - 3*o + 15. List the prime factors of 37 + 3 + r/4.
2, 17
Suppose 0 = -4*q + q + 9. Suppose 2*s = 3*j - s + q, -5*j + 2 = 2*s. Suppose -4*t + 220 = 2*c, j*t = -5*t - 3*c + 274. List the prime factors of t.
2, 7
Let t be (-1)/(18612/18616 + -1). List the prime factors of (-2)/(-17) - t/(-34).
137
Let n = 1 + 10. Suppose 0 = -2*c - n - 11. Let i = 30 + c. List the prime factors of i.
19
Let m(o) = o - 1. Let r be m(3). Suppose r*u - 29 = 31. Suppose s = -s + u. List the prime factors of s.
3, 5
Suppose 4*q - 5429 = n, 5*n = 19*q - 23*q + 5399. List the prime factors of q.
2, 3, 113
Let b = -7 - -15. What are the prime factors of (8/6)/(b/492)?
2, 41
What are the prime factors of -1*((-2716)/6 + 10/15)?
2, 113
Let c(d) = -d**3 - 9*d**2 - 15*d - 15. Let v be c(-10). Let k = 347 - v. What are the prime factors of k?
2, 7
Let u(z) = -z**2 - 2*z - 1. Let y be u(-1). Suppose 0*t - 5*t + 590 = y. What are the prime factors of t?
2, 59
Let j = -5816 - -10137. List the prime factors of j.
29, 149
Suppose -3*o = -5*w - 41, 2*o - 43 = 5*w - 2*o. List the prime factors of 1058/10 - (7/5)/w.
2, 53
Let m(k) = -6*k - 1. Let g be m(-3). Suppose 223 + g = 4*y. List the p